{"id":33,"date":"2022-04-01T12:42:49","date_gmt":"2022-04-01T12:42:49","guid":{"rendered":"http:\/\/www.oekumenische-energiegenossenschaft.de\/home\/?page_id=33"},"modified":"2022-05-25T08:38:41","modified_gmt":"2022-05-25T08:38:41","slug":"kooperations-partnerin-werden","status":"publish","type":"page","link":"https:\/\/www.oekumenische-energiegenossenschaft.de\/home\/kooperations-partnerin-werden\/","title":{"rendered":"Kooperationen im kirchlichen Bereich"},"content":{"rendered":"\n<div class=\"wp-block-columns is-layout-flex wp-container-core-columns-is-layout-9d6595d7 wp-block-columns-is-layout-flex\">\n<div class=\"wp-block-column is-layout-flow wp-block-column-is-layout-flow\">\n<h2 class=\"wp-block-heading\">Dach verpachten<\/h2>\n\n\n\n<p>Wir planen und installieren eine PV-Anlage auf ihrem Dach, das Sie an uns verpachten. <\/p>\n\n\n\n<div class=\"wp-block-buttons is-layout-flex wp-block-buttons-is-layout-flex\">\n<div class=\"wp-block-button\"><a class=\"wp-block-button__link\" href=\"https:\/\/www.oekumenische-energiegenossenschaft.de\/home\/kooperations-partnerin-werden\/eigenes-dach-verpachten\/\">interessiert mich<\/a><\/div>\n<\/div>\n<\/div>\n\n\n\n<div class=\"wp-block-column is-layout-flow wp-block-column-is-layout-flow\">\n<h2 class=\"wp-block-heading\">PV-Anlage selbst betreiben<\/h2>\n\n\n\n<p>Wir plane mit Ihnen gemeinsam eine PV-Anlage auf ihrem Dach. Wir installieren die PV-Anlage und verpachten die gesamte PV-Anlage an Sie.<\/p>\n\n\n\n<div class=\"wp-block-buttons is-layout-flex wp-block-buttons-is-layout-flex\">\n<div class=\"wp-block-button\"><a class=\"wp-block-button__link\" href=\"https:\/\/www.oekumenische-energiegenossenschaft.de\/home\/kooperations-partnerin-werden\/pv-anlage-selbst-betreiben\/\">interessiert mich<\/a><\/div>\n<\/div>\n<\/div>\n\n\n\n<div class=\"wp-block-column is-layout-flow wp-block-column-is-layout-flow\">\n<h2 class=\"wp-block-heading\">Solarstrom einkaufen<\/h2>\n\n\n\n<p>Wir planen und installieren eine PV-Anlage auf ihrem Dach. Den Strom den die PV-Anlage erzeugt verkaufen wir Ihnen direkt vor Ort. <\/p>\n\n\n\n<div class=\"wp-block-buttons is-layout-flex wp-block-buttons-is-layout-flex\">\n<div class=\"wp-block-button\"><a class=\"wp-block-button__link\" href=\"https:\/\/www.oekumenische-energiegenossenschaft.de\/home\/kooperations-partnerin-werden\/solarstrom-vom-eigenen-dach\/\">interessiert mich<\/a><\/div>\n<\/div>\n<\/div>\n<\/div>\n\n\n\n<div class=\"wp-block-columns is-layout-flex wp-container-core-columns-is-layout-9d6595d7 wp-block-columns-is-layout-flex\">\n<div class=\"wp-block-column is-layout-flow wp-block-column-is-layout-flow\">\n<h2 class=\"wp-block-heading\">Beratung<\/h2>\n\n\n\n<p>Wir beraten Sie unabh\u00e4ngig von der Umsetzung bei ihren Projekten im Zusammenhang mit Energie. <\/p>\n<\/div>\n\n\n\n<div class=\"wp-block-column is-layout-flow wp-block-column-is-layout-flow\">\n<h2 class=\"wp-block-heading\">Licht-Contracting<\/h2>\n\n\n\n<p>Wir ermittteln die m\u00f6gliche Einsparung duch effiziente Leuchtmittel. Im Anschluss k\u00f6nnen wir die Ma\u00dfnahmen planen und finanzieren.<\/p>\n<\/div>\n\n\n\n<div class=\"wp-block-column is-layout-flow wp-block-column-is-layout-flow\"><\/div>\n<\/div>\n\n\n\n<hr class=\"wp-block-separator has-css-opacity\"\/>\n\n\n\n<p>Sie haben weitere Fragen? Schauen Sie in den <a href=\"https:\/\/www.oekumenische-energiegenossenschaft.de\/home\/haeufig-gestellte-fragen\/\" data-type=\"page\" data-id=\"220\">h\u00e4ufig gestellten Fragen (FAQ)<\/a> nach, oder melden sich bei uns:<\/p>\n\n\n\n<div class=\"wp-block-columns is-layout-flex wp-container-core-columns-is-layout-9d6595d7 wp-block-columns-is-layout-flex\">\n<div class=\"wp-block-column is-layout-flow wp-block-column-is-layout-flow\" style=\"flex-basis:33.34%\">\n<div class=\"wp-block-buttons is-layout-flex wp-block-buttons-is-layout-flex\">\n<div class=\"wp-block-button\"><a class=\"wp-block-button__link\" href=\"https:\/\/www.oekumenische-energiegenossenschaft.de\/home\/haeufig-gestellte-fragen\/\">FAQ<\/a><\/div>\n<\/div>\n<\/div>\n\n\n\n<div class=\"wp-block-column is-layout-flow wp-block-column-is-layout-flow\" style=\"flex-basis:33.34%\">\n<div class=\"wp-block-buttons is-layout-flex wp-block-buttons-is-layout-flex\">\n<div class=\"wp-block-button\"><a class=\"wp-block-button__link\" href=\"https:\/\/www.oekumenische-energiegenossenschaft.de\/home\/kontakt\/\">Kontakt<\/a><\/div>\n<\/div>\n<\/div>\n\n\n\n<div class=\"wp-block-column is-layout-flow wp-block-column-is-layout-flow\" style=\"flex-basis:33.33%\"><\/div>\n<\/div>\n\n\n\n<p><\/p>\n","protected":false},"excerpt":{"rendered":"<p>Dach verpachten Wir planen und installieren eine PV-Anlage auf ihrem Dach, das Sie an uns verpachten. PV-Anlage selbst betreiben Wir plane mit Ihnen gemeinsam eine PV-Anlage auf ihrem Dach. Wir installieren die PV-Anlage und verpachten die gesamte PV-Anlage an Sie. Solarstrom einkaufen Wir planen und installieren eine PV-Anlage auf ihrem [&hellip;]<\/p>\n","protected":false},"author":1,"featured_media":0,"parent":0,"menu_order":0,"comment_status":"closed","ping_status":"closed","template":"","meta":{"footnotes":""},"class_list":["post-33","page","type-page","status-publish","hentry"],"_links":{"self":[{"href":"https:\/\/www.oekumenische-energiegenossenschaft.de\/home\/wp-json\/wp\/v2\/pages\/33","targetHints":{"allow":["GET"]}}],"collection":[{"href":"https:\/\/www.oekumenische-energiegenossenschaft.de\/home\/wp-json\/wp\/v2\/pages"}],"about":[{"href":"https:\/\/www.oekumenische-energiegenossenschaft.de\/home\/wp-json\/wp\/v2\/types\/page"}],"author":[{"embeddable":true,"href":"https:\/\/www.oekumenische-energiegenossenschaft.de\/home\/wp-json\/wp\/v2\/users\/1"}],"replies":[{"embeddable":true,"href":"https:\/\/www.oekumenische-energiegenossenschaft.de\/home\/wp-json\/wp\/v2\/comments?post=33"}],"version-history":[{"count":10,"href":"https:\/\/www.oekumenische-energiegenossenschaft.de\/home\/wp-json\/wp\/v2\/pages\/33\/revisions"}],"predecessor-version":[{"id":299,"href":"https:\/\/www.oekumenische-energiegenossenschaft.de\/home\/wp-json\/wp\/v2\/pages\/33\/revisions\/299"}],"wp:attachment":[{"href":"https:\/\/www.oekumenische-energiegenossenschaft.de\/home\/wp-json\/wp\/v2\/media?parent=33"}],"curies":[{"name":"wp","href":"https:\/\/api.w.org\/{rel}","templated":true}]}}

<div class="wp-block-columns is-layout-flex wp-container-core-columns-is-layout-9d6595d7 wp-block-columns-is-layout-flex">
<div class="wp-block-column is-layout-flow wp-block-column-is-layout-flow">
<h2 class="wp-block-heading">Dach verpachten</h2>



<p>Wir planen und installieren eine PV-Anlage auf ihrem Dach, das Sie an uns verpachten. </p>



<div class="wp-block-buttons is-layout-flex wp-block-buttons-is-layout-flex">
<div class="wp-block-button"><a class="wp-block-button__link" href="https://www.oekumenische-energiegenossenschaft.de/home/kooperations-partnerin-werden/eigenes-dach-verpachten/">interessiert mich</a></div>
</div>
</div>



<div class="wp-block-column is-layout-flow wp-block-column-is-layout-flow">
<h2 class="wp-block-heading">PV-Anlage selbst betreiben</h2>



<p>Wir plane mit Ihnen gemeinsam eine PV-Anlage auf ihrem Dach. Wir installieren die PV-Anlage und verpachten die gesamte PV-Anlage an Sie.</p>



<div class="wp-block-buttons is-layout-flex wp-block-buttons-is-layout-flex">
<div class="wp-block-button"><a class="wp-block-button__link" href="https://www.oekumenische-energiegenossenschaft.de/home/kooperations-partnerin-werden/pv-anlage-selbst-betreiben/">interessiert mich</a></div>
</div>
</div>



<div class="wp-block-column is-layout-flow wp-block-column-is-layout-flow">
<h2 class="wp-block-heading">Solarstrom einkaufen</h2>



<p>Wir planen und installieren eine PV-Anlage auf ihrem Dach. Den Strom den die PV-Anlage erzeugt verkaufen wir Ihnen direkt vor Ort. </p>



<div class="wp-block-buttons is-layout-flex wp-block-buttons-is-layout-flex">
<div class="wp-block-button"><a class="wp-block-button__link" href="https://www.oekumenische-energiegenossenschaft.de/home/kooperations-partnerin-werden/solarstrom-vom-eigenen-dach/">interessiert mich</a></div>
</div>
</div>
</div>



<div class="wp-block-columns is-layout-flex wp-container-core-columns-is-layout-9d6595d7 wp-block-columns-is-layout-flex">
<div class="wp-block-column is-layout-flow wp-block-column-is-layout-flow">
<h2 class="wp-block-heading">Beratung</h2>



<p>Wir beraten Sie unabhängig von der Umsetzung bei ihren Projekten im Zusammenhang mit Energie. </p>
</div>



<div class="wp-block-column is-layout-flow wp-block-column-is-layout-flow">
<h2 class="wp-block-heading">Licht-Contracting</h2>



<p>Wir ermittteln die mögliche Einsparung duch effiziente Leuchtmittel. Im Anschluss können wir die Maßnahmen planen und finanzieren.</p>
</div>



<div class="wp-block-column is-layout-flow wp-block-column-is-layout-flow"></div>
</div>



<hr class="wp-block-separator has-css-opacity"/>



<p>Sie haben weitere Fragen? Schauen Sie in den <a href="https://www.oekumenische-energiegenossenschaft.de/home/haeufig-gestellte-fragen/" data-type="page" data-id="220">häufig gestellten Fragen (FAQ)</a> nach, oder melden sich bei uns:</p>



<div class="wp-block-columns is-layout-flex wp-container-core-columns-is-layout-9d6595d7 wp-block-columns-is-layout-flex">
<div class="wp-block-column is-layout-flow wp-block-column-is-layout-flow" style="flex-basis:33.34%">
<div class="wp-block-buttons is-layout-flex wp-block-buttons-is-layout-flex">
<div class="wp-block-button"><a class="wp-block-button__link" href="https://www.oekumenische-energiegenossenschaft.de/home/haeufig-gestellte-fragen/">FAQ</a></div>
</div>
</div>



<div class="wp-block-column is-layout-flow wp-block-column-is-layout-flow" style="flex-basis:33.34%">
<div class="wp-block-buttons is-layout-flex wp-block-buttons-is-layout-flex">
<div class="wp-block-button"><a class="wp-block-button__link" href="https://www.oekumenische-energiegenossenschaft.de/home/kontakt/">Kontakt</a></div>
</div>
</div>



<div class="wp-block-column is-layout-flow wp-block-column-is-layout-flow" style="flex-basis:33.33%"></div>
</div>



<p></p>
